r of x and 4.
4
Let p(r) = 11*r**2 + 61*r - 5. Let y be p(48). Calculate the greatest common factor of 23 and y.
23
Let v(a) = 3*a**3 - 3*a**2 + 4*a - 2. Let b be v(1). Let x = 178 + -128. Calculate the greatest common factor of b and x.
2
Let g = -12745 + 12756. Calculate the highest common factor of g and 7.
1
Let c(h) = 267*h + 1738. Let m be c(9). What is the greatest common factor of m and 41?
41
Suppose 0 = -19*o - 11*o + 27536 + 60664. What is the highest common factor of 12 and o?
12
Let j(g) = -g**3 - 19*g**2 - 8*g - 103. Let p be j(-19). Calculate the greatest common divisor of 4361 and p.
49
Let j = 18195 + -11087. Calculate the greatest common divisor of j and 8.
4
Suppose -12 = 3*m, -2*o = -5*m + 4 - 34. Suppose o*i - 24 = 36. What is the highest common factor of 8 and i?
4
Let u = 316 + -307. Let f(v) = -5*v + 71. Let b be f(u). Let t(a) = a**2 - 2*a - 9. Let k be t(7). What is the greatest common factor of b and k?
26
Let d(u) = 2*u**2 + 131*u + 63. Let h be d(-67). Calculate the highest common divisor of 770 and h.
22
Let b(y) = y**3 + 20*y**2 - 181*y + 231. Let q be b(-27). Calculate the highest common factor of 4265 and q.
5
Let a(x) = -4*x**3 + 8*x**2 - 5*x - 8. Let k be a(-2). Let y be ((-36)/3)/((-9)/9). Calculate the greatest common divisor of k and y.
6
Suppose 4*g - 3902 = -18*m + 15*m, 3944 = 4*g - 4*m. What is the greatest common factor of g and 340?
20
Suppose -5*c + 6105 + 6449 = -3*y, 4*c - y = 10046. Calculate the highest common factor of 1099 and c.
157
Suppose 32*f - 3976 = 2296. Calculate the highest common divisor of 49 and f.
49
Let w = -1503 - -1505. Calculate the highest common factor of w and 16.
2
Let d(q) = -439*q + 300. Let v be d(0). Calculate the highest common divisor of 110 and v.
10
Let k be 1635/10 - 3/(-2). Let q be (-8)/(-2 - 0)*k/44. Let l be 24/64 + 1071/24. Calculate the greatest common factor of q and l.
15
Let v be 3*23*(-480)/(-192)*28/10. Calculate the highest common factor of v and 8625.
69
Let u be (49/(-21))/(1/60*25/(-360)). What is the greatest common divisor of 28 and u?
28
Suppose 5*o - 2814 = -2604. Calculate the greatest common factor of 1194 and o.
6
Suppose 0 = g - 17*x + 10*x - 7889, x = 3*g - 23807. What is the highest common factor of g and 1176?
294
Let t be 322/(-42) - (4/(-6) - 1). Let i(w) = 5*w**2 + 7*w - 48. Let z be i(t). Suppose 0 = -2*v - 2*v + 40. Calculate the highest common factor of v and z.
10
Let h = 725 + -669. What is the greatest common factor of h and 15848?
56
Let v be (-16502)/223*5/(-2). Calculate the highest common factor of 5 and v.
5
Let c(k) = 42*k**3 - 2*k**2 - 18*k + 196. Let h be c(6). Calculate the highest common divisor of h and 128.
128
Let v = 3 - 1. Suppose 2*b - 4*i = 370, -2*b - 6*i + 11*i + 366 = 0. Let n = -189 + b. What is the highest common factor of n and v?
2
Let a = -6 - -11. Suppose 1164*f - 154 = 1142*f. Calculate the highest common factor of f and a.
1
Let o = -23 + 29. Suppose 5*x + x - 8*x = 0. Suppose x = -13*f + 8*f + 40. What is the greatest common factor of f and o?
2
Let d(b) = -53*b - 809. Let k be d(-16). Calculate the greatest common factor of 5109 and k.
39
Suppose 0 = 3*w + 24, 155*w - 153*w - 28 = -4*y. Calculate the greatest common factor of y and 29293.
11
Let w(g) = -18*g - 9. Let i be (-4)/(-10) + 0 - 12/5. Let f be w(i). Calculate the highest common factor of f and 243.
27
Let d = -571 - -628. Suppose 3*n + d = 8*n + 2*s, 0 = -2*n + 4*s + 18. Calculate the greatest common factor of n and 319.
11
Suppose -b + 89 + 95 = 0. Suppose 2*x = 2*g + 140, x - 12*g - 71 = -10*g. Calculate the greatest common factor of b and x.
23
Let t(l) = 2*l**2 - 12*l + 19. Let m be 77/11 - 1/(-2)*-2. Let u be t(m). Suppose u*q - 13*q - 360 = 0. Calculate the greatest common factor of 15 and q.
15
Let m = 11 - -77. Suppose 0 = -40*x + 36*x + m. Calculate the greatest common divisor of 55 and x.
11
Let o(w) = -225*w - 1965. Let m be o(-9). Calculate the highest common factor of m and 2460.
60
Let z = -4150 + 4306. Calculate the highest common factor of z and 65.
13
Let f be (-108)/(22 - 10) + 75/1. Calculate the greatest common divisor of f and 7194.
66
Suppose 2*m = 5*m - 57. Let l = m - 2. Let t = -21572 + 21606. Calculate the highest common factor of t and l.
17
Suppose 4*x - 200 = -4*x. Let q(t) = t**3 - 20*t**2 + 67*t - 38. Let l be q(16). What is the highest common divisor of l and x?
5
Suppose -3*n - 26*w = -28*w + 782, 0 = 4*n + 2*w + 1024. Let c = 261 + n. What is the highest common divisor of 23 and c?
1
Let o(h) = -h**3 + 3*h**2 - h - 3. Let q be o(2). Let y be (-57)/(-38)*(1 - q). What is the greatest common divisor of y and 2?
1
Suppose 56*n - 2448 = 39*n. Calculate the greatest common divisor of n and 16.
16
Let d(p) = -3*p + 317. Let z be d(-11). What is the highest common factor of z and 850?
50
Suppose 0 = 2*l - z - 16705, -4*l - 96*z + 92*z + 33380 = 0. What is the highest common factor of l and 100?
50
Let f(r) = 6*r**2 + 4. Let h be f(4). Let j(y) = 6597*y - 98951. Let o be j(15). What is the highest common divisor of o and h?
4
Suppose 4*b = 5*m + 56 - 107, 2*m = -4*b + 26. What is the highest common factor of 45023 and m?
11
Let n(z) = -z**2 + 10*z - 7. Let t be n(5). Let w = -73975 + 74263. What is the highest common factor of w and t?
18
Let z = 246 + -179. Suppose 2*d - z = 13. What is the greatest common factor of d and 120?
40
Let r be -1 + 6 + 3 + 2. Suppose -r*f + 8320 = 3*f. What is the highest common factor of f and 40?
40
Let c be ((-10)/((-40)/(-36)) + -2)*-89. Let w = c + -909. What is the highest common factor of 40 and w?
10
Let i be (32 - 224)/24 - 43*-42. Calculate the greatest common factor of 310 and i.
62
Suppose 4*z = -4*d + 1884, -3 = 5*z - 8*z. Suppose -d = -20*f + 1090. Suppose -2 = 2*h, c - 2*h - 49 - 5 = 0. Calculate the highest common divisor of c and f.
26
Let g = -11775 - -11815. Suppose 4*i + 5*x - 71 = -0*x, -5*x - 25 = 0. What is the highest common divisor of i and g?
8
Let o(p) = -76*p - 4. Let u be o(-1). Let l be (-22 - -19)/((-1 - 1)/u). What is the highest common factor of l and 12?
12
Let c(b) = -b**2 - 31*b - 73. Let f be -8*(-40)/64 + (-19)/1. Let k be c(f). Calculate the highest common divisor of 220 and k.
55
Suppose 0 = 5*x - 2334 - 246. What is the highest common factor of x and 132?
12
Let s be (-696)/(-2)*(110/33 + -3). Suppose -12*r - 5*z = -15*r + 32, 2*r + 8 = -4*z. What is the greatest common factor of r and s?
4
Suppose -v - 3*q = v - 82, 2*v + 4*q - 86 = 0. Let i = -57564 - -57879. Calculate the highest common factor of i and v.
35
Let q = -7003 - -7088. What is the highest common divisor of 3485 and q?
85
Suppose 0 = -6*l - 2*l + 40. Suppose -l*z - 180 = -10*z. Let y = -14 + z. What is the greatest common factor of y and 11?
11
Suppose 0 = -i - 4*z + 882, 4*i + 2606 = 7*i + 2*z. Let b = 1491 - i. Calculate the greatest common factor of b and 25.
25
Let u(c) = 1308*c**2 + 266*c + 528. Let l be u(-2). Calculate the highest common factor of 4 and l.
4
Suppose -5*r + 2*o = -7, -3*o = 3*r - 2*r - 15. Suppose 2*s - r*j = 54, 0 = 3*s + 6*j - 11*j - 82. What is the greatest common divisor of 3 and s?
3
Let d = 228 + 9497. What is the greatest common factor of 25 and d?
25
Let a(n) = -2 + 3*n + 21*n + 11*n + 7. Let q be a(1). Calculate the highest common divisor of 32 and q.
8
Let l(o) = 90*o**2 + 3*o - 24. Let p be l(-2). Calculate the highest common factor of p and 3520.
110
Suppose -6*d + 9*d = -10*u + 449, -517 = -4*d + 3*u. Calculate the highest common divisor of d and 7847.
133
Let f = -30 - -65. Let i(m) = 2*m**3 + 43*m**2 + 9*m - 147. Let y be i(-21). Calculate the greatest common divisor of y and f.
35
Suppose 6*q + 453 = 3*h, 457 = 3*h + q - 5*q. Calculate the greatest common divisor of 425 and h.
5
Suppose 0 = -w + 2*p - 207, 5*w + 14 + 1081 = -2*p. Let z = -130 - w. Calculate the greatest common factor of 435 and z.
87
Let c be (-290)/(-25) + (6/(-10) - -1). Suppose 4 - 20 = -2*t. Calculate the greatest common divisor of c and t.
4
Let r(q) = 3 + 8 - 5 + 11 - 8*q + 1. Let g be r(-9). What is the highest common divisor of 2 and g?
2
Let t be 26/91 - (-3406)/(-14). Let s = t + 291. What is the greatest common divisor of 24 and s?
24
Suppose -3*w = -z + 9, 0*z